alculate the highest common factor of p and 114.
19
Let u(y) = 2*y**2 + 1. Let l be u(-2). Suppose 360 = -5*p + 10*p. Calculate the greatest common divisor of l and p.
9
Suppose -4*l + l + 30 = f, 12 = -4*f. Calculate the highest common factor of 121 and l.
11
Let x be -3 + 2 + -3 + 70. Suppose 3*r - 6*r = -x. Calculate the highest common factor of 11 and r.
11
Suppose 5*t + 72 = 9*t. Calculate the highest common factor of t and 126.
18
Let b be (3 + 0)*(2 + -1). Let x = -71 - -107. Suppose 0 = s - 3*i - 12, x = s + 2*i + b*i. Calculate the highest common divisor of 14 and s.
7
Suppose 0*a = -2*a - 42. Let v = 12 + a. Let x(n) = n + 13. Let f be x(v). What is the highest common factor of f and 2?
2
Let n = 1 - 0. Let r(p) = -3*p + 8. Let y be r(4). Let l be -1 - y - (-9 + 1). What is the highest common factor of l and n?
1
Suppose 5*x - 39 = -l + 41, x = 4*l - 320. Calculate the greatest common factor of l and 10.
10
Let l(v) = v**3 + 14*v**2 + 16*v + 15. Let r be l(-13). Let b be (r/18)/(1/(-3)). What is the highest common divisor of 10 and b?
2
Let t = 77 - 40. Calculate the highest common factor of t and 37.
37
Let b be -1 - -2 - (3 + 6). Let t be ((-45)/12)/(1/b). What is the highest common divisor of t and 12?
6
Let q be (12/8)/((-1)/(-2)). Let p be -1 - (-3*q - -2). Let u = -21 + 36. What is the highest common factor of u and p?
3
Suppose 6*y - 9*y = -150. Calculate the highest common factor of 20 and y.
10
Let b be 104/(-12)*(-6)/4. Let c = 1 + 3. Suppose z = c*z - 429. Calculate the greatest common factor of b and z.
13
Let b be 2 + 1 + (-4)/(-2). Suppose 0*g - b = -5*g. Let r be 7 - (-2 - 0)*g. Calculate the highest common divisor of 9 and r.
9
Let s = -76 - -116. Calculate the highest common divisor of 60 and s.
20
Suppose -2*x - 4*w = x - 3, 0 = -4*x - w + 4. Let q be (-6)/(-2*(-3)/(-8)). Calculate the highest common factor of q and x.
1
Let g(j) = -j**3 - 6*j**2 - 5*j - 3. Let z be g(-5). Let n(m) = 3*m**2 + 5*m + 3. Let b be n(z). What is the greatest common factor of b and 5?
5
Let v(w) = -w**2 + 9*w - 4. Let y be v(11). Let g = -14 - y. Let c(t) = -83*t**3 + 1. Let m be c(-1). What is the highest common divisor of m and g?
12
Suppose -3*b = 3*p - 5*p - 11, 4*b - 30 = -5*p. What is the greatest common divisor of p and 2?
2
Suppose -2*t - t - 4*l = -64, 5*l = 2*t - 58. Calculate the highest common factor of t and 96.
24
Let c = 95 + -15. Calculate the greatest common divisor of c and 32.
16
Let g(y) = y**2 - 3*y - 7. Let z be g(5). Suppose 8*k - 15 = z*k. Calculate the highest common divisor of 12 and k.
3
Suppose 3*x - 8 = 19. Let r(p) = p**3 - 3*p**2 + 2 + 0*p**2 - 3*p**3. Let g be r(-2). Calculate the greatest common factor of g and x.
3
Let n(g) = -234*g + 2. Let f be n(-2). Let b = f + -170. Let x = -201 + b. What is the highest common factor of 11 and x?
11
Suppose -1 + 7 = 2*t. Let d(x) = -2 - t*x + 2*x - 1. Let b be d(-6). Calculate the highest common divisor of b and 6.
3
Let v(q) be the second derivative of -2*q + 0 + 5/6*q**3 + q**2. Let r be v(3). Calculate the highest common factor of r and 85.
17
Suppose 4*w - 18 = 2*w. What is the highest common divisor of 99 and w?
9
Let t be 2049/15 + (-3)/5. What is the greatest common divisor of 17 and t?
17
Let h be (-6)/27 - 1888/(-72). What is the greatest common factor of h and 52?
26
Let b = -8 + 12. Suppose 731 = b*m + 3*i, -742 = -5*m - 4*i + 172. Let c = m + -65. What is the highest common factor of c and 13?
13
Let m = -1 - -3. What is the highest common divisor of 22 and m?
2
Let m be -1*6/5*-5. Let h be 0 + -2*-3*1. Let s be (-12 - -3)/(h/(-4)). What is the greatest common factor of s and m?
6
Let y(p) = -p**3 - 3*p - 2. Let v be y(-2). Suppose -172 = 12*u - 460. What is the highest common factor of u and v?
12
Let v(c) = -c**2 + 5*c + 4. Let q be v(6). Let j be (-2)/(-2)*q - -8. Let y = 128 + -122. Calculate the highest common factor of y and j.
6
Let h be (-2 + 12 - 1)*2. Calculate the greatest common factor of 45 and h.
9
Let s(f) = 11*f + 1. Let g be s(4). Let j be -5 - -3 - -24 - -1. Suppose j = 4*w + 3. What is the highest common factor of g and w?
5
Let v(m) = m + 4. Let u be v(-7). Let j be (u/5 - 1)*685. Let y be j/(-12) + (-1)/3. What is the greatest common factor of y and 13?
13
Suppose -m - 2*m = l + 12, 16 = -4*m - 5*l. Let j be (m/6)/((-2)/3). What is the greatest common divisor of 8 and j?
1
Let n(u) = -u**2 + 17*u - 7. Let x = 8 + 6. Let s be n(x). Calculate the highest common divisor of s and 14.
7
Let c be (-2)/(-8) - 9/4. Suppose 5*n + 2*g = 9, -g - 2*g = -2*n - 4. Let a be 20 + 4/n + c. What is the highest common factor of 22 and a?
22
Let w = 140 - 68. Let v(a) = -3*a**2 - 7 + 10*a + 2*a**2 + 0*a**2. Let c be v(8). Calculate the highest common factor of w and c.
9
Suppose -41*l + 40*l = -1. What is the highest common factor of l and 4?
1
Suppose 3*z + 5*n - 1222 - 73 = 0, z = -4*n + 427. Suppose 0*i = -5*i + z. Calculate the highest common factor of 58 and i.
29
Suppose -6*o + 12 = -2*o. Suppose -17 - 55 = -o*r. What is the greatest common divisor of r and 3?
3
Let j(t) = -t**2 - 9*t - 3. Let b be j(-4). Suppose 0 = 2*q - 3*q + b. What is the greatest common divisor of q and 85?
17
Suppose 0*a + 3*a = 63. What is the greatest common factor of 357 and a?
21
Let o be 145 - (4 + -2 + -1). What is the greatest common factor of 18 and o?
18
Let s(m) = -16*m - 5. Suppose 18 = -2*a + 4*v, 0*a + 3*v = -2*a - 25. Let w be s(a). Calculate the highest common divisor of w and 19.
19
Let n(u) = -19*u**3 - u**2 + u + 1. Let f be n(-1). Let h(l) = -7*l - 1. Let r be h(-4). What is the highest common factor of r and f?
9
Let b(d) be the third derivative of d**5/60 + d**4/4 - 7*d**3/6 - d**2. Let l be b(6). Let j be (-2)/2*2 - -28. What is the highest common factor of l and j?
13
Let a = 118 - 82. Let m = -3 + 7. What is the highest common divisor of m and a?
4
Let h = 15 + -17. Let d be 0 - (-16)/h*-4. Calculate the highest common divisor of 48 and d.
16
Let a(i) = -i. Let f be a(-4). Suppose -f*j = z - 61 + 15, 3*z = j + 86. Calculate the greatest common factor of z and 20.
10
Suppose -5 = -5*n, -52 = -5*d - n + 4*n. Let v = d - 7. Suppose 5*k = -v*p + 33 - 11, -3*p = 3*k - 15. What is the greatest common divisor of k and 8?
2
Suppose 7*n - 3*n = 288. Calculate the greatest common divisor of 8 and n.
8
Suppose 4*y = -u - 28, 14 = -5*y + 5*u - 21. Let p(d) = d**2 + 5*d + 2. Let r be p(y). Calculate the greatest common divisor of 4 and r.
4
Let v be 2/(-5) + 1128/20. Calculate the greatest common divisor of 7 and v.
7
Let o = -15 + 83. What is the greatest common factor of 17 and o?
17
Suppose 0 = 5*g + 3*v + 120, 69 = -4*g - v + 4*v. Let y be g*(1 + 1)/2. Let q be (-4)/8*(y + 1). Calculate the highest common factor of 2 and q.
2
Let m = 264 + -159. Suppose -31*d - 75 = -36*d. Calculate the greatest common factor of m and d.
15
Let v(s) = 65*s**3 - s + 1. Let c be v(1). Suppose 5*b - 3*w = c, -2*b = 2*b - 5*w - 39. Calculate the highest common divisor of b and 144.
16
Suppose -6*u + 2*u + 572 = 0. Let b be ((-4)/(-5))/((-14)/(-35)). Let g = b - -11. Calculate the highest common factor of g and u.
13
Let u(d) = -5*d - 10. Let w be u(-4). Calculate the greatest common factor of 2 and w.
2
Let h = 157 - 135. What is the highest common factor of h and 33?
11
Suppose -3*r + 66 = 6. What is the greatest common divisor of 160 and r?
20
Suppose 0 = 3*v - 0*v - 5*r - 275, -3*v + r = -295. Calculate the greatest common factor of v and 40.
20
Let z be 6/21 - (-38)/14. Calculate the highest common divisor of z and 21.
3
Let u = 11 + -6. Suppose 4*f = 4*a + f + 401, -5*f = 5. Let s = -56 - a. Calculate the greatest common divisor of s and u.
5
Suppose 2*x = p - 2*x, -5*p + 16 = -4*x. Suppose -3*v + 50 = -u + 2*u, 2*v - 250 = -p*u. Calculate the greatest common divisor of u and 26.
13
Let b be (-2)/(-6) + 238/6. Calculate the greatest common divisor of 5 and b.
5
Let n be 4*((-350)/(-5))/5. What is the highest common divisor of 16 and n?
8
Let h = 296 - 121. What is the greatest common factor of 25 and h?
25
Suppose -5*x - 4*w = -2*w - 182, 4*x + 5*w = 149. Suppose 6*v - 2*v - t = 19, -2*t - 2 = v. What is the greatest common divisor of v and x?
4
Let f be 5 - 2 - (-2 - 4)